 divided by 36?
2
What is the remainder when 71 is divided by 16?
7
What is the remainder when 531 is divided by 73?
20
Calculate the remainder when 2732 is divided by 895.
47
What is the remainder when 593 is divided by 54?
53
What is the remainder when 1688 is divided by 214?
190
What is the remainder when 299 is divided by 50?
49
Calculate the remainder when 276 is divided by 13.
3
What is the remainder when 167 is divided by 28?
27
Calculate the remainder when 137 is divided by 35.
32
What is the remainder when 3545 is divided by 99?
80
Calculate the remainder when 452 is divided by 154.
144
Calculate the remainder when 736 is divided by 20.
16
Calculate the remainder when 495 is divided by 203.
89
Calculate the remainder when 3069 is divided by 41.
35
What is the remainder when 1097 is divided by 61?
60
What is the remainder when 39 is divided by 18?
3
What is the remainder when 151 is divided by 29?
6
What is the remainder when 515 is divided by 25?
15
What is the remainder when 2165 is divided by 11?
9
What is the remainder when 592 is divided by 11?
9
Calculate the remainder when 1383 is divided by 9.
6
Calculate the remainder when 502 is divided by 249.
4
Calculate the remainder when 70 is divided by 64.
6
Calculate the remainder when 179 is divided by 26.
23
Calculate the remainder when 501 is divided by 5.
1
Calculate the remainder when 718 is divided by 20.
18
What is the remainder when 634 is divided by 71?
66
What is the remainder when 169 is divided by 163?
6
Calculate the remainder when 194 is divided by 39.
38
Calculate the remainder when 8270 is divided by 81.
8
What is the remainder when 170 is divided by 50?
20
Calculate the remainder when 627 is divided by 37.
35
What is the remainder when 143 is divided by 36?
35
What is the remainder when 172 is divided by 18?
10
What is the remainder when 225 is divided by 85?
55
What is the remainder when 298 is divided by 50?
48
Calculate the remainder when 2518 is divided by 40.
38
What is the remainder when 181 is divided by 145?
36
What is the remainder when 1294 is divided by 358?
220
What is the remainder when 804 is divided by 66?
12
What is the remainder when 136 is divided by 56?
24
What is the remainder when 1506 is divided by 58?
56
Calculate the remainder when 526 is divided by 219.
88
What is the remainder when 63 is divided by 22?
19
Calculate the remainder when 457 is divided by 39.
28
What is the remainder when 1811 is divided by 14?
5
Calculate the remainder when 2109 is divided by 15.
9
What is the remainder when 1875 is divided by 1847?
28
Calculate the remainder when 193 is divided by 8.
1
What is the remainder when 139 is divided by 47?
45
Calculate the remainder when 13099 is divided by 20.
19
Calculate the remainder when 150 is divided by 23.
12
Calculate the remainder when 381 is divided by 196.
185
What is the remainder when 10473 is divided by 36?
33
What is the remainder when 1224 is divided by 59?
44
Calculate the remainder when 807 is divided by 265.
12
What is the remainder when 296 is divided by 25?
21
What is the remainder when 1312 is divided by 271?
228
What is the remainder when 330 is divided by 57?
45
Calculate the remainder when 660 is divided by 623.
37
What is the remainder when 623 is divided by 45?
38
What is the remainder when 717 is divided by 16?
13
Calculate the remainder when 165 is divided by 8.
5
What is the remainder when 186 is divided by 64?
58
Calculate the remainder when 1003 is divided by 38.
15
Calculate the remainder when 295 is divided by 100.
95
What is the remainder when 567 is divided by 30?
27
Calculate the remainder when 591 is divided by 237.
117
What is the remainder when 131 is divided by 32?
3
What is the remainder when 587 is divided by 55?
37
Calculate the remainder when 273 is divided by 98.
77
What is the remainder when 35 is divided by 12?
11
What is the remainder when 79 is divided by 21?
16
What is the remainder when 358 is divided by 60?
58
Calculate the remainder when 67 is divided by 7.
4
Calculate the remainder when 374 is divided by 27.
23
What is the remainder when 426 is divided by 13?
10
What is the remainder when 231 is divided by 47?
43
Calculate the remainder when 126 is divided by 13.
9
What is the remainder when 25 is divided by 11?
3
What is the remainder when 9552 is divided by 118?
112
What is the remainder when 1421 is divided by 1384?
37
Calculate the remainder when 602 is divided by 184.
50
What is the remainder when 4730 is divided by 38?
18
What is the remainder when 95 is divided by 41?
13
Calculate the remainder when 147 is divided by 48.
3
What is the remainder when 257 is divided by 53?
45
Calculate the remainder when 1495 is divided by 88.
87
What is the remainder when 1011 is divided by 252?
3
Calculate the remainder when 156 is divided by 63.
30
What is the remainder when 144 is divided by 7?
4
What is the remainder when 1060 is divided by 57?
34
What is the remainder when 175 is divided by 119?
56
Calculate the remainder when 82 is divided by 72.
10
What is the remainder when 29 is divided by 24?
5
What is the remainder when 43 is divided by 8?
3
Calculate the remainder when 8783 is divided by 29.
25
Calculate the remainder when 244 is divided by 98.
48
Calculate the remainder when 2376 is divided by 181.
23
What is the remainder when 614 is divided by 66?
20
What is the remainder when 360 is divided by 60?
0
Calculate the remainder when 258 is divided by 65.
63
What is the remainder when 370 is divided by 139?
92
Calculate the remainder when 146 is divided by 7.
6
What is the remainder when 2918 is divided by 4?
2
What is the remainder when 2694 is divided by 25?
19
What is the remainder when 10 is divided by 3?
1
Calculate the remainder when 18767 is divided by 48.
47
What is the remainder when 77 is divided by 13?
12
Calculate the remainder when 13742 is divided by 174.
170
What is the remainder when 395 is divided by 98?
3
What is the remainder when 721 is divided by 132?
61
What is the remainder when 587 is divided by 75?
62
What is the remainder when 1934 is divided by 57?
53
Calculate the remainder when 671 is divided by 15.
11
What is the remainder when 124 is divided by 35?
19
Calculate the remainder when 127 is divided by 23.
12
Calculate the remainder when 583 is divided by 13.
11
What is the remainder when 198 is divided by 26?
16
Calculate the remainder when 600 is divided by 588.
12
Calculate the remainder when 550 is divided by 69.
67
Calculate the remainder when 2127 is divided by 38.
37
What is the remainder when 191 is divided by 24?
23
What is the remainder when 191 is divided by 28?
23
What is the remainder when 1292 is divided by 1285?
7
Calculate the remainder when 167 is divided by 12.
11
What is the remainder when 5045 is divided by 32?
21
Calculate the remainder when 678 is divided by 27.
3
What is the remainder when 181 is divided by 95?
86
What is the remainder when 16 is divided by 15?
1
Calculate the remainder when 76 is divided by 43.
33
Calculate the remainder when 749 is divided by 246.
11
What is the remainder when 1592 is divided by 202?
178
What is the remainder when 269 is divided by 48?
29
What is the remainder when 997 is divided by 73?
48
Calculate the remainder when 234 is divided by 23.
4
What is the remainder when 107 is divided by 6?
5
What is the remainder when 3807 is divided by 53?
44
Calculate the remainder when 21 is divided by 14.
7
What is the remainder when 143 is divided by 29?
27
What is the remainder when 218 is divided by 13?
10
What is the remainder when 113 is divided by 32?
17
What is the remainder when 120 is divided by 58?
4
What is the remainder when 517 is divided by 133?
118
What is the remainder when 463 is divided by 58?
57
What is the remainder when 87 is divided by 24?
15
Calculate the remainder when 225 is divided by 33.
27
Calculate the remainder when 621 is divided by 37.
29
What is the remainder when 15 is divided by 4?
3
What is the remainder when 94 is divided by 3?
1
Calculate the remainder when 198 is divided by 40.
38
Calculate the remainder when 72 is divided by 19.
15
What is the remainder when 822 is divided by 75?
72
Calculate the remainder when 808 is divided by 18.
16
Calculate the remainder when 90